 - a. What is the tens digit of u?
5
Suppose 2*c + 278 = -156. Let h = c + 491. What is the hundreds digit of h?
2
Let z be ((-14)/21)/(2/(-42)). Suppose -2*m - z*m + 2064 = 0. What is the units digit of m?
9
What is the thousands digit of 1 + 1 - (-1946 - 6)?
1
Let r = 8824 + -5824. What is the thousands digit of r?
3
Suppose 41*d - 42*d = -291. What is the tens digit of d?
9
Let l(p) = -p + 8. Let q be l(6). Suppose x + 33 = -q*x. Let u = x - -34. What is the units digit of u?
3
Let v = 1594 + -471. What is the thousands digit of v?
1
Let k = 21 + -25. What is the tens digit of ((-3)/k)/(262/(-264) + 1)?
9
Let c(b) = 6 + 3 - b**2 - 12 + 5*b. Let z be c(5). What is the units digit of (z + 1)*15/(-6)?
5
Suppose -l + 120 - 25 = 0. Let x = -53 + l. What is the units digit of (2 - x/4)*-2?
7
Let s be (0 + -1)*(11 - 124). Let q = s + -13. What is the hundreds digit of q?
1
Suppose 0 = 4*a - 4923 - 4549. What is the units digit of a?
8
What is the tens digit of (3 - 1 - 0) + (-51 - -1413)?
6
Suppose -j + 4*k + 90 = 0, -4*j = 3*k + 51 - 316. Suppose -2*p + 76 = -j. What is the units digit of p?
3
Let l(r) = r**2 + 12*r + 5. Let g be l(-12). Suppose g*b - 5*c + 30 = 0, b - 24 = 3*b - 5*c. Let w(f) = -19*f + 1. What is the tens digit of w(b)?
3
Let p(l) = 2*l + 4. Let f be p(5). Suppose -2*m + 10 + f = 0. What is the tens digit of m?
1
Let f(v) = v**2 + 4*v + 1. Let r be f(-2). Let t(b) = -6*b. Let o be t(r). What is the units digit of (1/(-3))/((-1)/o)?
6
Let m(t) = t**3 + 18*t**2 + 28*t + 52. What is the tens digit of m(-12)?
8
Let t be ((-6)/18)/(2/(-18)). Suppose -7*k + t*k = -200. What is the units digit of k?
0
Let t(x) = 4*x**2 + 5*x + 6. Suppose 1 = y, 0 = z + 6*y - 4*y + 3. Let q be t(z). Suppose 3*d + l = q, -d + 38 = l + 3*l. What is the tens digit of d?
2
Let q = 483 - 159. Let m = -92 + q. What is the hundreds digit of m?
2
Suppose k = 5*y - 6*y + 51, 3*y = 5*k - 263. Suppose 4*q - 4*i = -104, -4*q = 3*i + 63 + 27. Let m = k + q. What is the units digit of m?
8
Let y = -229 - -460. What is the tens digit of y?
3
Let z(q) = 1 + 18*q - 59*q - 7*q. Suppose 3*k - k + 11 = -3*t, -5*t = 3*k + 18. What is the tens digit of z(k)?
4
Let x be (-1*1 - -2)*(59 - 1). Suppose -x - 222 = -4*q. What is the units digit of q?
0
Suppose -2*f + 128 = 3*a, -5*a + 14*f - 17*f + 213 = 0. What is the tens digit of a?
4
Suppose -2*d + 5*u = -7*d, u = -2*d + 3. Suppose 413 = d*m + 4*m. What is the units digit of m?
9
Suppose -5*g = -3*u - 33, 5*g - u + 2*u = 29. Let z(s) = -13 + 16 + 11*s - s**2 + g. What is the tens digit of z(7)?
3
Let a(k) = 5*k - k + 6*k + 2 - 5*k - 4*k**2. Let z be a(7). Let t = 232 + z. What is the units digit of t?
3
Suppose 0 = -2*a - 44*a + 83398. What is the tens digit of a?
1
Let q(a) = 8*a + 2. Let w(m) = 25*m + 4. Let v(b) = 7*q(b) - 2*w(b). Let r be ((-2)/(-5))/(2/10). What is the tens digit of v(r)?
1
Suppose 5*t - 45 = -4*y - 16, -t + 4*y + 1 = 0. Suppose -t*n + n = 92. What is the units digit of (n/(-3))/(1/3)?
3
What is the units digit of 1473/3 + 4*2/(-4)?
9
Suppose 0*z + 3*c - 644 = -z, -4*z + c + 2576 = 0. Suppose 9*x - z = 139. What is the units digit of x?
7
Let h(l) = l**2 + 6*l + 2. Let z be h(-6). Let n = -1 - -3. Suppose -n*r - 96 - 25 = -5*v, -z*r = 6. What is the units digit of v?
3
Suppose 3 = -4*d + 5*c, -3*d - 4*c = -9*c + 6. Suppose 2*r = -0*j + d*j + 23, 4*j = r - 14. What is the tens digit of r?
1
Let h = 13 - 11. Let t be 6/(-4) + (-29)/h. What is the units digit of (-5)/(-3) + t/24?
1
Suppose 0 = u - 2*o - 434, 5*u - 3*o - 1422 - 720 = 0. What is the tens digit of u?
2
Suppose -44*f + 50*f = 2412. What is the tens digit of f?
0
Let g = 150 - -116. What is the hundreds digit of g?
2
Suppose -112 = -2*j - 0*j. Suppose i = 9 - 40. Let w = i + j. What is the tens digit of w?
2
Let b be -161 - (2 - 1) - (4 + -1). What is the units digit of (8/12)/((-10)/b)?
1
What is the units digit of (-501)/(4/8*-6)?
7
Suppose -q = 4*p + 4 - 27, 3*p = 4*q + 3. Suppose -2*s - 5*a + 148 = 0, -3*s + s = -q*a - 164. What is the units digit of s?
9
Let n be (-3)/(-5) - 132/(-30). Let m(g) = -g + 10. Let a be m(n). Suppose -h + 3*j + 32 = 3*h, 2*j = -a*h + 17. What is the units digit of h?
5
Let b(w) = -14 - 5 - 10 - 7*w. What is the tens digit of b(-9)?
3
Suppose -29 = 6*b - 683. Let m = 122 - b. What is the units digit of m?
3
Suppose 8*n + 4*n = -24. Let l = n + 286. What is the units digit of l?
4
Let q = 3335 - 2165. What is the thousands digit of q?
1
Suppose -3 = -p - 0, -4*f = -5*p - 57. Suppose n = -4*n - 25. What is the units digit of -3*f/15*n?
8
Let w = 20 + -28. What is the units digit of ((-10)/w)/(7/28)?
5
Suppose 12*l - 6*l = -18. Let x(y) = -3*y**3 - y**2 - 2*y - 3. What is the units digit of x(l)?
5
Let c be 3*(-2 - -1) - -18. Suppose 54 = g - c. What is the units digit of g?
9
Let j = -11 - -20. Suppose 4*s - j + 1 = 0. What is the tens digit of (s/2)/((-7)/(-91))?
1
Let h be (-18 + 108)*(-4)/(-10). Let t(x) = -37*x**3 + 1. Let l be t(1). What is the tens digit of h*1*l/(-48)?
2
Let l(a) = 62*a + 543. What is the units digit of l(58)?
9
Let r be -3*(-4 - -3 - 0). Suppose -2*x + r*t - 11 = -40, -5*t - 45 = -3*x. What is the units digit of x?
0
Let o = -633 - -1145. What is the hundreds digit of o?
5
Let f(m) = 4*m**2 - 10*m - 9. Let g be f(-7). Let y = g - 98. What is the tens digit of y?
5
Let g = -11 - -15. Let l be (-4)/(-16) + (-17)/g. Let s(d) = -d**3 - 2*d**2 + 1. What is the units digit of s(l)?
3
Suppose -3*d = 2*d - 280. Let t = 37 + d. Suppose t - 33 = 2*z. What is the tens digit of z?
3
Let j(u) be the second derivative of u**4/12 - 3*u**3/2 + 11*u**2/2 + 8*u. Let g be j(11). Let v = -14 + g. What is the tens digit of v?
1
Let w(g) = -g**2 + 2*g - 3. Let v be w(3). Let o be ((-135)/2)/(14/14)*2. What is the tens digit of o/(-10) + 3/v?
1
Let o be 30/6 + 0 + (2 - 4). Suppose -o*w + 17 = -223. What is the tens digit of w?
8
Let w = -76 + 71. What is the units digit of (-5)/w + (-4 - 41*-5)?
2
Let g = -112 - -48. Let p = g + 109. What is the units digit of p?
5
Let w(m) = -31*m + 320. What is the thousands digit of w(-41)?
1
Let m be 3/(5/(-25)*-3). Suppose -5*s - 2*h = -662, -s = 2*s + m*h - 401. What is the tens digit of s?
3
Let h(i) = i**2 + 6*i - 4. Let d be h(-6). Let r be 36/14 - d/(-7). What is the units digit of -1 + r + 48/3?
7
Suppose 0 = 3*y - 2*s - 14683, 4*y - 20308 = 3*s - 730. What is the hundreds digit of y?
8
Let u = 54 - -174. Let p = u - 158. What is the units digit of p?
0
Let h = -9 + 19. Suppose 12*u - 48 = h*u. What is the units digit of u?
4
Let r = -369 + 598. What is the tens digit of r?
2
Suppose 17*i + 0*i = 48059. What is the units digit of i?
7
Suppose 0 = -4*h + 2*h + 6. Let g(u) = -1 - h*u + 0 + 3 + 9*u**2 - u**2. What is the units digit of g(1)?
7
Suppose -6*v + v + 145 = 0. Let l = v + -21. Let j = -4 + l. What is the units digit of j?
4
Let z(b) = b**2 + 1. Let q(d) = -5*d**2 + 13*d - 15. Let l(f) = -q(f) - 3*z(f). What is the tens digit of l(9)?
5
Let q(t) = -3*t**2 - 12*t - 12. Let b(j) = -2*j**2 - 6*j - 6. Let l(a) = -5*b(a) + 3*q(a). What is the tens digit of l(-3)?
2
Let g be (3/(-4))/((-1)/72). Let u be 2*(-1)/2 + g. Let y = u - 38. What is the tens digit of y?
1
Suppose -4*p - v = -5*p - 11, 2*p + 18 = -2*v. Let i = p - -12. What is the units digit of (3 - 2)/(i/54)?
7
Let g = 493 - 112. Let s = -264 + g. What is the units digit of s?
7
Suppose -4*q + 2583 = 167. What is the tens digit of q?
0
Let x(q) = 534*q - 1. What is the tens digit of x(1)?
3
Suppose -3*i + 3 = -2*y, 2*y + 0*y + 4 = 2*i. Let b be ((-2)/4)/(y/726). Suppose 5*j = -3*o + 77, 2*o - b = -3*o - j. What is the units digit of o?
4
Suppose 5*i = 4*s - 7540, -117 - 3653 = -2*s + 3*i. What is the thousands digit of s?
1
What is the units digit of (-2)/(-6)*(446 + 1 + -9)?
6
Let t = 34 + -62. Let d(x) = -x**3 + 6*x**2 + 7*x - 2. Let s be d(7). What is the units digit of (-35)/t - s/(-8)?
1
Let k(q) = -q**3 + 4*q**2 + 7*q - 10. Let t be k(5). Suppose 3*s + 8 - 311 = 3*m, t = 5*m + 25. What is the tens digit of s?
9
Suppose -3*d + d + 30 = 0. What is the units digit of ((-258)/d)/(1/(-5))?
6
Let o(u) = -37 - 3*u + 4*u + 31. Let j be o(10). Suppose 3*h = j*t + 38 + 41, 0 = 3*t + 12. What is the units digit